{"id":168,"date":"2015-05-12T17:22:40","date_gmt":"2015-05-12T17:22:40","guid":{"rendered":"http:\/\/104.131.100.13\/?page_id=168"},"modified":"2018-03-12T12:00:57","modified_gmt":"2018-03-12T12:00:57","slug":"start","status":"publish","type":"page","link":"https:\/\/arripio.com.br\/?page_id=168","title":{"rendered":"Curr\u00edculo"},"content":{"rendered":"<p><strong>EXPERI\u00caNCIA PROFISSIONAL<\/strong><\/p>\n<p>11\/07\/2011 at\u00e9 dias atuais &#8211; Central IT Governa\u00e7a Corporativa &#8211; Bras\u00edlia<br \/>\nCliente: ICMBio &#8211; Intituto Chico Mendes de Conserva\u00e7\u00e3o da Biodiversidade<br \/>\n<strong>Analista de Suporte Sr<\/strong><br \/>\nAtribui\u00e7\u00f5es:<\/p>\n<p>&#8211; Instala\u00e7\u00e3o e configura\u00e7\u00e3o de Servidores f\u00edsicos e virtuais Linux e Windows;<br \/>\n&#8211; Cria\u00e7\u00e3o do processo de atualiza\u00e7\u00e3o baseado no SVN;<br \/>\n&#8211; Suporte a equipe desenvolvimento em deploy das aplica\u00e7\u00f5es;<br \/>\n&#8211; Segmenta\u00e7\u00e3o dos ambientes DSV HMG e PRD;<br \/>\n&#8211; Instala\u00e7\u00e3o de ESXI VMware;<br \/>\n&#8211; Atividades rotineira de acordo com a ordem de servi\u00e7o;<br \/>\n&#8211; Documenta\u00e7\u00e3o, implanta\u00e7\u00e3o do processo de requisi\u00e7\u00e3o de mudan\u00e7a baseado na ITIL;<br \/>\n&#8211; Inicio do processo de gest\u00e3o de configura\u00e7\u00e3o com puppet;<br \/>\n&#8211; No\u00e7\u00f5es de Storage IBM, Dell e EMC;<br \/>\n&#8211; Respons\u00e1vel por todos os servidores a n\u00edvel de sistema operacional;<br \/>\n&#8211; Reuni\u00f5es Gerenciais para defini\u00e7\u00e3o e execu\u00e7\u00e3o de projetos;<br \/>\n&#8211; Suporte a rede MPLS;<br \/>\n&#8211; Cria\u00e7\u00e3o do plano de Gest\u00e3o de Continuidade do neg\u00f3cio;<br \/>\n&#8211; Suporte a V\u00eddeo confer\u00eancia;<\/p>\n<p>&nbsp;<\/p>\n<p class=\"western\">14\/04\/09 at\u00e9 10\/07\/2011 &#8211; CPM Braxis Outsoursing S\/A &#8211; Bras\u00edlia<br \/>\n<em>Cliente:<\/em><\/p>\n<p>MCTI &#8211; Minist\u00e9rio da Ci\u00eancia e Tecnologia da Informa\u00e7\u00e3o<\/p>\n<p>MMA &#8211; Minist\u00e9rio do Meio Ambiente<\/p>\n<p class=\"western\"><strong>Analista de Infraestrutura Sr<\/strong><br \/>\nAtribui\u00e7\u00f5es:<\/p>\n<p class=\"western\">\u00a0&#8211; Administra\u00e7\u00e3o infraestrutura redes Linux;<\/p>\n<p class=\"western\">&#8211; Suporte a usu\u00e1rio;<\/p>\n<p class=\"western\">\u00a0-Configura\u00e7\u00e3o e instala\u00e7\u00e3o de perif\u00e9ricos e identifica\u00e7\u00e3o de defeito em hardware e software;<\/p>\n<p class=\"western\">&#8211; Opera\u00e7\u00e3o em sistema Windows \/ Linux;<\/p>\n<p class=\"western\">&#8211; Atendimento remoto help desk;<\/p>\n<p class=\"western\">&#8211; Gerenciamento de v\u00eddeo confer\u00eancia;<\/p>\n<p class=\"western\">&#8211; Treinamento para equipe e usu\u00e1rios;<\/p>\n<p class=\"western\">&#8211; Gerenciamento Service Desk;<\/p>\n<p class=\"western\">&#8211; Gereciamento do CFTV;<\/p>\n<p class=\"western\">02\/05\/03 at\u00e9 13\/04\/09 &#8211; Gennari Partree Projetos e Sistemas<\/p>\n<p>&nbsp;<\/p>\n<p><strong>T\u00e9cnico de TI 4<\/strong><br \/>\nAtribui\u00e7\u00f5es: Suporte a usu\u00e1rio, configura\u00e7\u00e3o e instala\u00e7\u00e3o de perif\u00e9ricos e identifica\u00e7\u00e3o de defeito em hardware e software, opera\u00e7\u00e3o em sistema Windows \/Linux, Atendimento remoto help desk, instala\u00e7\u00e3o e gerenciamento sistema de envio de fax. Gerenciamento de v\u00eddeo confer\u00eancia, treinamento para equipe e usu\u00e1rios.<br \/>\n11\/09\/02 at\u00e9 02\/05\/03 \u2013 Minist\u00e9rio da Ci\u00eancia e Tecnologia<br \/>\n<strong>Bolsista CNPq<\/strong><br \/>\nAtribui\u00e7\u00f5es: Suporte a usu\u00e1rio, configura\u00e7\u00e3o e instala\u00e7\u00e3o de perif\u00e9ricos e identifica\u00e7\u00e3o de defeito em hardware; opera\u00e7\u00e3o em sistema Windows (NT\/2000\/XP), Atendimento remoto help desk. Instala\u00e7\u00e3o e gerenciamento sistema de envio de fax.<\/p>\n<p>01\/01\/97 at\u00e9 08\/2002 &#8211; VOGA Consultoria e Inform\u00e1tica Ltda.<br \/>\nCentro Empresarial Norte<br \/>\nSRTVN Conjunto C Bl. B Sala 827<br \/>\n<strong>T\u00e9cnico em Inform\u00e1tica (Hardware, Software,Rede)<\/strong><br \/>\nAtribui\u00e7\u00f5es: Instala\u00e7\u00e3o, configura\u00e7\u00e3o e manuten\u00e7\u00e3o de IBM PC Server, Netfinity, xSeries, IBM Desktop; instala\u00e7\u00e3o de servidores em rack; suporte b\u00e1sico ao usu\u00e1rio; instala\u00e7\u00e3o e configura\u00e7\u00e3o de redes locais windows (95\/98\/NT\/2000);configura\u00e7\u00e3o de correio eletr\u00f4nico notes; instala\u00e7\u00e3o e configura\u00e7\u00e3o do kit Office97 e Office2000.<br \/>\n08\/10\/96 at\u00e9 30\/12\/96 &#8211; VOGA Consultoria e Inform\u00e1tica Ltda.<br \/>\nCentro Empresarial Norte<br \/>\nSRTVN Conjunto C Bl. B Sala 827<\/p>\n<p><strong>Estagi\u00e1rio em Inform\u00e1tica (Hardware, Software)<\/strong><br \/>\nAtribui\u00e7\u00f5es: Instala\u00e7\u00e3o e configura\u00e7\u00e3o de hardware e software; instala\u00e7\u00e3o e manuten\u00e7\u00e3o de computadores IBM Desktop. Opera\u00e7\u00e3o de sistema Windows (3.x\/95\/98\/NT\/2000) e Office 97.<br \/>\n11\/01\/96 at\u00e9 11\/05\/96 &#8211; SERPRO Regional de Bras\u00edlia<br \/>\nSGAN Q. 601 md V<br \/>\nEstagi\u00e1rio em Inform\u00e1tica (Hardware)<br \/>\nAtribui\u00e7\u00f5es: Suporte a usu\u00e1rio, configura\u00e7\u00e3o e instala\u00e7\u00e3o de perif\u00e9ricos e identifica\u00e7\u00e3o de defeito em hardware; opera\u00e7\u00e3o de sistema Windows (3.x\/95).<br \/>\nFORMA\u00c7\u00c3O<\/p>\n<p><strong>2007 &#8211; Universidade Cat\u00f3lica de Bras\u00edlia<\/strong><br \/>\nProcessamento de Dados<\/p>\n<p><strong>2009 &#8211; Grupo Educacional Fortium<\/strong><br \/>\nP\u00f3s Gradua\u00e7\u00e3o em Software Livre com \u00eanfase em redes de Computadores<br \/>\n<strong>CURSO DE ESPECIALIZA\u00c7\u00c3O<\/strong><\/p>\n<p><strong>2014 &#8211; Puppet<\/strong><br \/>\n&#8211; Gest\u00e3o de Configura\u00e7\u00e3o<br \/>\n<strong>2014 &#8211; VMware vSphere<\/strong><br \/>\n&#8211; Install, Configure, Manage [V5.5]<br \/>\n&#8211; Capacita\u00e7\u00e3o de Talentos 2013<br \/>\n&#8211; No\u00e7\u00f5es de Gest\u00e3o de Projetos segundo o PMBOK;<br \/>\n&#8211; Desenvolvimento Gerencial;<br \/>\n&#8211; Legisla\u00e7\u00e3o Trabalhista para Gestores;- No\u00e7\u00f5es de Gest\u00e3o de Projetos segundo o PMBOK;<br \/>\n&#8211; CFTV &#8211; Configura\u00e7\u00e3o do Sistema Tedenium \/ Axis;<br \/>\n&#8211; Gest\u00e3o de Projetos<\/p>\n<p><strong>2017 &#8211; Palestra<\/strong><br \/>\n&#8211; Palestra DevOpsDays Bas\u00edlia http:\/\/brasilia.devopsdays.com.br\/<\/p>\n<p><strong>2017 &#8211; Outros<\/strong><br \/>\n&#8211; Monitoramento com Zabbix<br \/>\n&#8211; Orat\u00f3ria<\/p>\n<p>&nbsp;<\/p>\n<p><strong>Certificados<\/strong><\/p>\n<p><strong>LPIC-1Linux<\/strong> Professional Institute, Licen\u00e7a r8pqt7lswj<br \/>\nJunho de 2012 \u2013 junho de 2017<\/p>\n<p><strong>LPIC-2Linux<\/strong> Professional Institute, Licen\u00e7a 486duskmjj<br \/>\nJulho de 2014 \u2013 julho de 2019<\/p>\n<p>LPIC-3: 300 (Mixed Environment) 2017-09-29 tffcrwbqxb<br \/>\nAtivo 2022-09-29<\/p>\n<p><strong>VMware Certified Professional 5 &#8211; Data Center Virtualization <\/strong>&#8211; Candidate ID: VMW-01482435K-00485036<\/p>\n<p><strong> VMware Certified Professional 6 &#8211; Data Center Virtualization<\/strong> (VCP6-DCV)\u00a0 V\u00e1lido\u00a0 2019-Mar-02<\/p>\n<p>&nbsp;<\/p>\n<p><strong>ITIL\u00ae V3 Foundation<\/strong><br \/>\nEXIN<br \/>\nmar\u00e7o de 2013 \u2013 fevereiro de 2014<br \/>\n<strong>COBIT Foundation Exam 4.1<\/strong><br \/>\nISACA<br \/>\nabril de 2013 \u2013 at\u00e9 o momento<br \/>\n<strong>IT Service Mgmt Foundation Bridge based on ISO\/IEC 20000<\/strong><br \/>\nEXIN<br \/>\nnovembro de 2013 \u2013 at\u00e9 o momento<\/p>\n","protected":false},"excerpt":{"rendered":"<p>EXPERI\u00caNCIA PROFISSIONAL 11\/07\/2011 at\u00e9 dias atuais &#8211; Central IT Governa\u00e7a Corporativa &#8211; Bras\u00edlia Cliente: ICMBio &#8211; Intituto Chico Mendes de Conserva\u00e7\u00e3o da Biodiversidade Analista de Suporte Sr Atribui\u00e7\u00f5es: &#8211; Instala\u00e7\u00e3o e configura\u00e7\u00e3o de Servidores f\u00edsicos e virtuais Linux e Windows;&hellip; <br \/><a class=\"read-more-button\" href=\"https:\/\/arripio.com.br\/?page_id=168\">Read more<\/a><\/p>\n","protected":false},"author":1,"featured_media":0,"parent":0,"menu_order":1,"comment_status":"open","ping_status":"closed","template":"","meta":{"_exactmetrics_skip_tracking":false,"_exactmetrics_sitenote_active":false,"_exactmetrics_sitenote_note":"","_exactmetrics_sitenote_category":0,"spay_email":""},"jetpack_sharing_enabled":true,"jetpack_shortlink":"https:\/\/wp.me\/PazGcY-2I","jetpack-related-posts":[{"id":100,"url":"https:\/\/arripio.com.br\/?page_id=100","url_meta":{"origin":168,"position":0},"title":"Linux","date":"29 Junho, 2014","format":false,"excerpt":"Como boa pratica na ger\u00eancia de configura\u00e7\u00e3o para uma r\u00e1pida \u00a0leitura dos arquivos de configura\u00e7\u00e3o e \u00fatil retirar os coment\u00e1rios para facilitar a analise e organiza\u00e7\u00e3o. Comando: # egrep -v \"^#|^$\"\u00a0arquivo_de_origem\u00a0> arquivo_de_destino Minha Distribui\u00e7\u00e3o Atualmente nas minhas maquinas pessoais eu uso Debian, nos servidores estava utilizado Centos, mas com os\u2026","rel":"","context":"Similar post","img":{"alt_text":"","src":"https:\/\/i2.wp.com\/arripio.com.br\/wp-content\/uploads\/2021\/03\/Openlogo-debianV2.svg_.png?resize=350%2C200&ssl=1","width":350,"height":200},"classes":[]},{"id":130,"url":"https:\/\/arripio.com.br\/?page_id=130","url_meta":{"origin":168,"position":1},"title":"Puppet","date":"1 Agosto, 2014","format":false,"excerpt":"Construindo um m\u00f3dulo b\u00e1sico no puppet C\u00f3digo do m\u00f3dulo: class zabbix { yumrepo { 'zabbix': enabled => 1, descr => 'Zabbix Official Repository - $basearch', baseurl => 'http:\/\/repo.zabbix.com\/zabbix\/2.4\/rhel\/6\/$basearch\/', gpgcheck => 0, } package { \"zabbix-agent\": ensure => present, } file { \"\/etc\/zabbix\/zabbix_agentd.conf\": ensure => file, owner => \"root\", group =>\u2026","rel":"","context":"Similar post","img":{"alt_text":"","src":"","width":0,"height":0},"classes":[]},{"id":119,"url":"https:\/\/arripio.com.br\/?page_id=119","url_meta":{"origin":168,"position":2},"title":"Estudo","date":"27 Julho, 2014","format":false,"excerpt":"Ol\u00e1 Pessoal Agora dia 24 de Julho consegui \u00eaxito no exame Lpic-202 ultima prova para certifica\u00e7\u00e3o LPI2. Gostaria de deixar algumas dicas que quem sabe possa ajudar outras pessoas: Quando fiz o exame da lpi 1 havia estudado \u00a0apenas pelo livro Certifica\u00e7\u00e3o LPI-1: 101-102 Autor: Luciano Antonio Siqueira Editora: Alta\u2026","rel":"","context":"Similar post","img":{"alt_text":"cetificado","src":"https:\/\/i2.wp.com\/arripio.com.br\/wp-content\/uploads\/2014\/07\/cetificado-300x169.png?resize=350%2C200","width":350,"height":200},"classes":[]},{"id":614,"url":"https:\/\/arripio.com.br\/?page_id=614","url_meta":{"origin":168,"position":3},"title":"F\u00e9rias Paraty Mirim Jan\/2019","date":"23 Abril, 2019","format":false,"excerpt":"Depois de v\u00e1rios convites para experimentar o Camping resolvemos aceitar o desafio de forma mais radical e para primeira vez resolvemos ir longe destino Paraty Mirim Rio de Janeiro. Acostumados a viajar para o nordeste brasileiro e sempre com a ideia de que as praias do sudeste eram de \u00e1guas\u2026","rel":"","context":"Similar post","img":{"alt_text":"","src":"https:\/\/i2.wp.com\/arripio.com.br\/wp-content\/uploads\/2019\/04\/top.png?resize=350%2C200&ssl=1","width":350,"height":200},"classes":[]},{"id":699,"url":"https:\/\/arripio.com.br\/?page_id=699","url_meta":{"origin":168,"position":4},"title":"F\u00e9rias Guaibim-BA Jan\/2020","date":"19 Mar\u00e7o, 2021","format":false,"excerpt":"N\u00e3o \u00e9 novidade que sou admirador da Bahia e um dos lugares que eu mais visitei sem d\u00favida foi Guabim, depois de alguns anos resolvemos voltar a Guabim, lugar sem muita badala\u00e7\u00e3o ideal para quem procura tranquilidade e sossego. Dessa vez escolhemos pelo Airbnb a estrutura do local relativamente boa\u2026","rel":"","context":"Similar post","img":{"alt_text":"","src":"https:\/\/i0.wp.com\/arripio.com.br\/wp-content\/uploads\/2021\/03\/20200107_134232-scaled.jpg?resize=350%2C200&ssl=1","width":350,"height":200},"classes":[]},{"id":566,"url":"https:\/\/arripio.com.br\/?page_id=566","url_meta":{"origin":168,"position":5},"title":"F\u00e9rias Itaipu de Fora Jan\/2018","date":"7 Janeiro, 2018","format":false,"excerpt":"Hoje 07 de janeiro de 2018 come\u00e7a nossa viagem de f\u00e9rias e aqui postaremos todo trajeto, a ideia \u00e9 ajudar quem tiver interesse em fazer o mesmo passeio. Bem vindos Dia 08 de janeiro 2018 chegamos ao nosso destino Itaipu de Fora. Sa\u00edmos de Itabuna via Ilh\u00e9us depois seguimos rumo\u2026","rel":"","context":"Similar post","img":{"alt_text":"pixlr_20180107183241893","src":"https:\/\/i1.wp.com\/arripio.com.br\/wp-content\/uploads\/2018\/01\/pixlr_20180107183241893.jpg?resize=350%2C200","width":350,"height":200},"classes":[]}],"_links":{"self":[{"href":"https:\/\/arripio.com.br\/index.php?rest_route=\/wp\/v2\/pages\/168"}],"collection":[{"href":"https:\/\/arripio.com.br\/index.php?rest_route=\/wp\/v2\/pages"}],"about":[{"href":"https:\/\/arripio.com.br\/index.php?rest_route=\/wp\/v2\/types\/page"}],"author":[{"embeddable":true,"href":"https:\/\/arripio.com.br\/index.php?rest_route=\/wp\/v2\/users\/1"}],"replies":[{"embeddable":true,"href":"https:\/\/arripio.com.br\/index.php?rest_route=%2Fwp%2Fv2%2Fcomments&post=168"}],"version-history":[{"count":8,"href":"https:\/\/arripio.com.br\/index.php?rest_route=\/wp\/v2\/pages\/168\/revisions"}],"predecessor-version":[{"id":600,"href":"https:\/\/arripio.com.br\/index.php?rest_route=\/wp\/v2\/pages\/168\/revisions\/600"}],"wp:attachment":[{"href":"https:\/\/arripio.com.br\/index.php?rest_route=%2Fwp%2Fv2%2Fmedia&parent=168"}],"curies":[{"name":"wp","href":"https:\/\/api.w.org\/{rel}","templated":true}]}}