{"id":679,"date":"2021-03-17T23:59:36","date_gmt":"2021-03-17T23:59:36","guid":{"rendered":"http:\/\/arripio.com.br\/?page_id=679"},"modified":"2021-03-19T12:57:57","modified_gmt":"2021-03-19T12:57:57","slug":"comandos-do-dia-a-dia-kubernetes-k8s","status":"publish","type":"page","link":"https:\/\/arripio.com.br\/?page_id=679","title":{"rendered":"Kubernet k8s"},"content":{"rendered":"\n<p class=\"has-medium-font-size\"><strong>Comandos do meu dia a dia<\/strong><\/p>\n\n\n\n<p>kubectl get pvc &#8211;all-namespaces<br>kubectl logs <br>kubectl get pods -o wide<br>kubectl create -f  &lt;nome do arquivo.yaml><br>kubectl delete -f  &lt;nome do arquivo.yaml><br>kubectl get (pod\/services\/secret\/ingress\/pv\/pvc)<br>kubectl describe (pod\/services\/secret\/ingress\/pv\/pvc) nome <br><\/p>\n\n\n\n<p class=\"has-medium-font-size\"><strong>Uma estrutura b\u00e1sica para subir um servi\u00e7o no cluster kubernete<\/strong><\/p>\n\n\n\n<div class=\"wp-block-image\"><figure class=\"aligncenter\"><img data-attachment-id=\"690\" data-permalink=\"https:\/\/arripio.com.br\/?attachment_id=690\" data-orig-file=\"https:\/\/i1.wp.com\/arripio.com.br\/wp-content\/uploads\/2021\/03\/k8s.png?fit=196%2C505&amp;ssl=1\" data-orig-size=\"196,505\" data-comments-opened=\"1\" data-image-meta=\"{&quot;aperture&quot;:&quot;0&quot;,&quot;credit&quot;:&quot;&quot;,&quot;camera&quot;:&quot;&quot;,&quot;caption&quot;:&quot;&quot;,&quot;created_timestamp&quot;:&quot;0&quot;,&quot;copyright&quot;:&quot;&quot;,&quot;focal_length&quot;:&quot;0&quot;,&quot;iso&quot;:&quot;0&quot;,&quot;shutter_speed&quot;:&quot;0&quot;,&quot;title&quot;:&quot;&quot;,&quot;orientation&quot;:&quot;0&quot;}\" data-image-title=\"k8s\" data-image-description=\"\" data-medium-file=\"https:\/\/i1.wp.com\/arripio.com.br\/wp-content\/uploads\/2021\/03\/k8s.png?fit=196%2C505&amp;ssl=1\" data-large-file=\"https:\/\/i1.wp.com\/arripio.com.br\/wp-content\/uploads\/2021\/03\/k8s.png?fit=196%2C505&amp;ssl=1\" loading=\"lazy\" width=\"196\" height=\"505\" src=\"https:\/\/i1.wp.com\/arripio.com.br\/wp-content\/uploads\/2021\/03\/k8s.png?resize=196%2C505&#038;ssl=1\" alt=\"\" class=\"wp-image-690\" srcset=\"https:\/\/i1.wp.com\/arripio.com.br\/wp-content\/uploads\/2021\/03\/k8s.png?w=196&amp;ssl=1 196w, https:\/\/i1.wp.com\/arripio.com.br\/wp-content\/uploads\/2021\/03\/k8s.png?resize=62%2C160&amp;ssl=1 62w\" sizes=\"(max-width: 196px) 100vw, 196px\" data-recalc-dims=\"1\" \/><\/figure><\/div>\n\n\n\n<p><br><\/p>\n\n\n\n<p><br><\/p>\n\n\n\n<p><\/p>\n","protected":false},"excerpt":{"rendered":"<p>Comandos do meu dia a dia kubectl get pvc &#8211;all-namespaceskubectl logs kubectl get pods -o widekubectl create -f &lt;nome do arquivo.yaml>kubectl delete -f &lt;nome do arquivo.yaml>kubectl get (pod\/services\/secret\/ingress\/pv\/pvc)kubectl describe (pod\/services\/secret\/ingress\/pv\/pvc) nome Uma estrutura b\u00e1sica para subir um servi\u00e7o no cluster&hellip; <br \/><a class=\"read-more-button\" href=\"https:\/\/arripio.com.br\/?page_id=679\">Read more<\/a><\/p>\n","protected":false},"author":1,"featured_media":0,"parent":0,"menu_order":0,"comment_status":"closed","ping_status":"closed","template":"","meta":{"_exactmetrics_skip_tracking":false,"_exactmetrics_sitenote_active":false,"_exactmetrics_sitenote_note":"","_exactmetrics_sitenote_category":0,"spay_email":""},"jetpack_sharing_enabled":true,"jetpack_shortlink":"https:\/\/wp.me\/PazGcY-aX","jetpack-related-posts":[{"id":108,"url":"https:\/\/arripio.com.br\/?page_id=108","url_meta":{"origin":679,"position":0},"title":"Coaching","date":"17 Julho, 2014","format":false,"excerpt":"Planejamento \u00e9 fundamental para o seu sucesso Tente fazer o seu https:\/\/youtu.be\/wEOQ8eIGX7Y N\u00e3o deixe para o final do ano, \u00a0fa\u00e7a agora mesmo o seu planejamento anual ele ajudar\u00e1 \u00a0no direcionamento da sua vida pessoal ou profissional. Fonte:\u00a0https:\/\/www.youtube.com\/watch?v=wEOQ8eIGX7Y&list=FLLZrFnwpUDQbHqI8OfXGT5w&index=2 \u00a0 Frase do dia: Pior do que fazer pouco \u00e9 n\u00e3o fazer nada.\u2026","rel":"","context":"Similar post","img":{"alt_text":"","src":"https:\/\/i0.wp.com\/img.youtube.com\/vi\/wEOQ8eIGX7Y\/0.jpg?resize=350%2C200","width":350,"height":200},"classes":[]},{"id":566,"url":"https:\/\/arripio.com.br\/?page_id=566","url_meta":{"origin":679,"position":1},"title":"F\u00e9rias Itaipu de Fora Jan\/2018","date":"7 Janeiro, 2018","format":false,"excerpt":"Hoje 07 de janeiro de 2018 come\u00e7a nossa viagem de f\u00e9rias e aqui postaremos todo trajeto, a ideia \u00e9 ajudar quem tiver interesse em fazer o mesmo passeio. Bem vindos Dia 08 de janeiro 2018 chegamos ao nosso destino Itaipu de Fora. Sa\u00edmos de Itabuna via Ilh\u00e9us depois seguimos rumo\u2026","rel":"","context":"Similar post","img":{"alt_text":"pixlr_20180107183241893","src":"https:\/\/i1.wp.com\/arripio.com.br\/wp-content\/uploads\/2018\/01\/pixlr_20180107183241893.jpg?resize=350%2C200","width":350,"height":200},"classes":[]},{"id":614,"url":"https:\/\/arripio.com.br\/?page_id=614","url_meta":{"origin":679,"position":2},"title":"F\u00e9rias Paraty Mirim Jan\/2019","date":"23 Abril, 2019","format":false,"excerpt":"Depois de v\u00e1rios convites para experimentar o Camping resolvemos aceitar o desafio de forma mais radical e para primeira vez resolvemos ir longe destino Paraty Mirim Rio de Janeiro. Acostumados a viajar para o nordeste brasileiro e sempre com a ideia de que as praias do sudeste eram de \u00e1guas\u2026","rel":"","context":"Similar post","img":{"alt_text":"","src":"https:\/\/i2.wp.com\/arripio.com.br\/wp-content\/uploads\/2019\/04\/top.png?resize=350%2C200&ssl=1","width":350,"height":200},"classes":[]},{"id":100,"url":"https:\/\/arripio.com.br\/?page_id=100","url_meta":{"origin":679,"position":3},"title":"Linux","date":"29 Junho, 2014","format":false,"excerpt":"Como boa pratica na ger\u00eancia de configura\u00e7\u00e3o para uma r\u00e1pida \u00a0leitura dos arquivos de configura\u00e7\u00e3o e \u00fatil retirar os coment\u00e1rios para facilitar a analise e organiza\u00e7\u00e3o. Comando: # egrep -v \"^#|^$\"\u00a0arquivo_de_origem\u00a0> arquivo_de_destino Minha Distribui\u00e7\u00e3o Atualmente nas minhas maquinas pessoais eu uso Debian, nos servidores estava utilizado Centos, mas com os\u2026","rel":"","context":"Similar post","img":{"alt_text":"","src":"https:\/\/i2.wp.com\/arripio.com.br\/wp-content\/uploads\/2021\/03\/Openlogo-debianV2.svg_.png?resize=350%2C200&ssl=1","width":350,"height":200},"classes":[]},{"id":119,"url":"https:\/\/arripio.com.br\/?page_id=119","url_meta":{"origin":679,"position":4},"title":"Estudo","date":"27 Julho, 2014","format":false,"excerpt":"Ol\u00e1 Pessoal Agora dia 24 de Julho consegui \u00eaxito no exame Lpic-202 ultima prova para certifica\u00e7\u00e3o LPI2. Gostaria de deixar algumas dicas que quem sabe possa ajudar outras pessoas: Quando fiz o exame da lpi 1 havia estudado \u00a0apenas pelo livro Certifica\u00e7\u00e3o LPI-1: 101-102 Autor: Luciano Antonio Siqueira Editora: Alta\u2026","rel":"","context":"Similar post","img":{"alt_text":"cetificado","src":"https:\/\/i2.wp.com\/arripio.com.br\/wp-content\/uploads\/2014\/07\/cetificado-300x169.png?resize=350%2C200","width":350,"height":200},"classes":[]},{"id":699,"url":"https:\/\/arripio.com.br\/?page_id=699","url_meta":{"origin":679,"position":5},"title":"F\u00e9rias Guaibim-BA Jan\/2020","date":"19 Mar\u00e7o, 2021","format":false,"excerpt":"N\u00e3o \u00e9 novidade que sou admirador da Bahia e um dos lugares que eu mais visitei sem d\u00favida foi Guabim, depois de alguns anos resolvemos voltar a Guabim, lugar sem muita badala\u00e7\u00e3o ideal para quem procura tranquilidade e sossego. Dessa vez escolhemos pelo Airbnb a estrutura do local relativamente boa\u2026","rel":"","context":"Similar post","img":{"alt_text":"","src":"https:\/\/i0.wp.com\/arripio.com.br\/wp-content\/uploads\/2021\/03\/20200107_134232-scaled.jpg?resize=350%2C200&ssl=1","width":350,"height":200},"classes":[]}],"_links":{"self":[{"href":"https:\/\/arripio.com.br\/index.php?rest_route=\/wp\/v2\/pages\/679"}],"collection":[{"href":"https:\/\/arripio.com.br\/index.php?rest_route=\/wp\/v2\/pages"}],"about":[{"href":"https:\/\/arripio.com.br\/index.php?rest_route=\/wp\/v2\/types\/page"}],"author":[{"embeddable":true,"href":"https:\/\/arripio.com.br\/index.php?rest_route=\/wp\/v2\/users\/1"}],"replies":[{"embeddable":true,"href":"https:\/\/arripio.com.br\/index.php?rest_route=%2Fwp%2Fv2%2Fcomments&post=679"}],"version-history":[{"count":5,"href":"https:\/\/arripio.com.br\/index.php?rest_route=\/wp\/v2\/pages\/679\/revisions"}],"predecessor-version":[{"id":698,"href":"https:\/\/arripio.com.br\/index.php?rest_route=\/wp\/v2\/pages\/679\/revisions\/698"}],"wp:attachment":[{"href":"https:\/\/arripio.com.br\/index.php?rest_route=%2Fwp%2Fv2%2Fmedia&parent=679"}],"curies":[{"name":"wp","href":"https:\/\/api.w.org\/{rel}","templated":true}]}}